ist the prime factors of 7372.
2, 19, 97
What are the prime factors of 37148?
2, 37, 251
List the prime factors of 21478.
2, 10739
List the prime factors of 5768.
2, 7, 103
List the prime factors of 917.
7, 131
List the prime factors of 14232.
2, 3, 593
What are the prime factors of 1956?
2, 3, 163
What are the prime factors of 2253?
3, 751
List the prime factors of 5682.
2, 3, 947
What are the prime factors of 111748?
2, 7, 13, 307
What are the prime factors of 2450?
2, 5, 7
List the prime factors of 798.
2, 3, 7, 19
List the prime factors of 981.
3, 109
List the prime factors of 541.
541
What are the prime factors of 1398?
2, 3, 233
List the prime factors of 41297.
61, 677
List the prime factors of 60136.
2, 7517
What are the prime factors of 154304?
2, 2411
What are the prime factors of 97375?
5, 19, 41
What are the prime factors of 450?
2, 3, 5
What are the prime factors of 89303?
89303
List the prime factors of 7771.
19, 409
List the prime factors of 4037.
11, 367
What are the prime factors of 1207?
17, 71
What are the prime factors of 2364?
2, 3, 197
What are the prime factors of 1859?
11, 13
What are the prime factors of 1077?
3, 359
What are the prime factors of 138398?
2, 13, 5323
List the prime factors of 16829.
16829
What are the prime factors of 31413?
3, 37, 283
What are the prime factors of 1723?
1723
What are the prime factors of 15495?
3, 5, 1033
What are the prime factors of 844?
2, 211
What are the prime factors of 10912?
2, 11, 31
What are the prime factors of 1275?
3, 5, 17
What are the prime factors of 6775?
5, 271
List the prime factors of 47062.
2, 23531
List the prime factors of 21376.
2, 167
List the prime factors of 1992.
2, 3, 83
What are the prime factors of 457?
457
What are the prime factors of 1999?
1999
What are the prime factors of 779?
19, 41
List the prime factors of 59057.
73, 809
List the prime factors of 173.
173
What are the prime factors of 41867?
7, 5981
What are the prime factors of 922?
2, 461
What are the prime factors of 1976?
2, 13, 19
List the prime factors of 19488.
2, 3, 7, 29
List the prime factors of 23550.
2, 3, 5, 157
List the prime factors of 21704.
2, 2713
What are the prime factors of 526?
2, 263
List the prime factors of 3343.
3343
What are the prime factors of 5030?
2, 5, 503
List the prime factors of 39033.
3, 4337
What are the prime factors of 465?
3, 5, 31
List the prime factors of 9098.
2, 4549
List the prime factors of 2589.
3, 863
List the prime factors of 473.
11, 43
List the prime factors of 112.
2, 7
What are the prime factors of 18744?
2, 3, 11, 71
List the prime factors of 107036.
2, 26759
List the prime factors of 15342.
2, 3, 2557
What are the prime factors of 818?
2, 409
What are the prime factors of 14539?
7, 31, 67
What are the prime factors of 717?
3, 239
List the prime factors of 63.
3, 7
List the prime factors of 1595.
5, 11, 29
What are the prime factors of 101464?
2, 11, 1153
What are the prime factors of 9349?
9349
List the prime factors of 4478.
2, 2239
What are the prime factors of 108?
2, 3
What are the prime factors of 17394?
2, 3, 13, 223
What are the prime factors of 1769?
29, 61
What are the prime factors of 38775?
3, 5, 11, 47
What are the prime factors of 10768?
2, 673
List the prime factors of 4909.
4909
What are the prime factors of 6681?
3, 17, 131
What are the prime factors of 1732?
2, 433
List the prime factors of 23182.
2, 67, 173
List the prime factors of 1596.
2, 3, 7, 19
List the prime factors of 3414.
2, 3, 569
List the prime factors of 21159.
3, 2351
List the prime factors of 90017.
90017
List the prime factors of 38072.
2, 4759
List the prime factors of 5681.
13, 19, 23
List the prime factors of 5652.
2, 3, 157
List the prime factors of 3340.
2, 5, 167
List the prime factors of 84628.
2, 21157
List the prime factors of 2689.
2689
List the prime factors of 5279.
5279
What are the prime factors of 3116?
2, 19, 41
List the prime factors of 59995.
5, 13, 71
List the prime factors of 102711.
3, 7, 67, 73
What are the prime factors of 11377?
31, 367
List the prime factors of 2327.
13, 179
List the prime factors of 16731.
3, 11, 13
List the prime factors of 45023.
11, 4093
List the prime factors of 681.
3, 227
List the prime factors of 74046.
2, 3, 7, 41, 43
What are the prime factors of 574?
2, 7, 41
List the prime factors of 279.
3, 31
List the prime factors of 3409.
7, 487
List the prime factors of 2751.
3, 7, 131
List the prime factors of 5865.
3, 5, 17, 23
List the prime factors of 23024.
2, 1439
List the prime factors of 131370.
2, 3, 5, 29, 151
List the prime factors of 58082.
2, 113, 257
What are the prime factors of 1468?
2, 367
What are the prime factors of 720?
2, 3, 5
List the prime factors of 392.
2, 7
List the prime factors of 352.
2, 11
List the prime factors of 2928.
2, 3, 61
List the prime factors of 28930.
2, 5, 11, 263
What are the prime factors of 1171?
1171
What are the prime factors of 46648?
2, 7, 17
List the prime factors of 1338.
2, 3, 223
What are the prime factors of 804?
2, 3, 67
What are the prime factors of 9942?
2, 3, 1657
List the prime factors of 181117.
139, 1303
List the prime factors of 909.
3, 101
What are the prime factors of 1341?
3, 149
List the prime factors of 40373.
47, 859
What are the prime factors of 16849?
7, 29, 83
List the prime factors of 37481.
37, 1013
List the prime factors of 62182.
2, 31091
What are the prime factors of 3446?
2, 1723
What are the prime factors of 129033?
3, 59
What are the prime factors of 17721?
3, 11, 179
List the prime factors of 88985.
5, 13, 37
What are the prime factors of 1004?
2, 251
List the prime factors of 2259.
3, 251
List the prime factors of 452.
2, 113
What are the prime factors of 1149?
3, 383
What are the prime factors of 32293?
43, 751
What are the prime factors of 1735?
5, 347
List the prime factors of 1524.
2, 3, 127
List the prime factors of 309.
3, 103
List the prime factors of 2461.
23, 107
What are the prime factors of 61651?
61651
List the prime factors of 8812.
2, 2203
List the prime factors of 4227.
3, 1409
List the prime factors of 27776.
2, 7, 31
What are the prime factors of 77949?
3, 2887
What are the prime factors of 19310?
2, 5, 1931
What are the prime factors of 25401?
3, 8467
What are the prime factors of 12612?
2, 3, 1051
What are the prime factors of 2327?
13, 179
List the prime factors of 840.
2, 3, 5, 7
What are the prime factors of 3864?
2, 3, 7, 23
What are the prime factors of 2458?
2, 1229
What are the prime factors of 1253?
7, 179
List the prime factors of 1960.
2, 5, 7
What are the prime factors of 16531?
61, 271
List the prime factors of 285.
3, 5, 19
List the prime factors of 3799.
29, 131
List the prime factors of 28409.
28409
What are the prime factors of 39151?
7, 17, 47
What are the prime factors of 361?
19
List the prime factors of 98353.
59, 1667
What are the prime factors of 41996?
2, 10499
List the prime factors of 16985.
5, 43, 79
What are the prime factors of 623?
7, 89
What are the prime factors of 1586?
2, 13, 61
List the prime factors of 7493.
59, 127
List the prime factors of 29662.
2, 14831
What are the prime factors of 30260?
2, 5, 17, 89
What are the prime factors of 7093?
41, 173
What are the prime factors of 36241?
36241
What are the prime factors of 1435?
5, 7, 41
What are the prime factors of 63717?
3, 67, 317
List the prime factors of 4792.
2, 599
What are the prime factors of 7483?
7, 1069
What are the prime factors of 1521?
3, 13
What are the prime factors of 111536?
2, 6971
What are the prime factors of 29099?
7, 4157
List the prime factors of 497.
7, 71
What are the prime factors of 1955?
5, 17, 23
List the prime factors of 6724.
2, 41
What are the prime factors of 985?
5, 197
What are the prime factors of 4151?
7, 593
What are the prime factors of 32?
2
List the prime factors of 86041.
139, 619
What are the prime factors of 859?
859
What are the prime factors of 43742?
2, 21871
What are the prime factors of 9619?
9619
What are the prime factors of 3277?
29, 113
List the prime factors of 425.
5, 17
What are the prime factors of 867?
3, 17
List the prime factors of 99.
3, 11
List the prime factors of 123205.
5, 41, 601
List the prime factors of 685.
5, 137
List the prime factors of 9939.
3, 3313
List the 